 3*t, t - 2 = 0. Let q be (-5194)/(-126) + 2/(-9). Let m = q - 33. What is the remainder when m is divided by f?
2
Let n(o) = o**2 + 7*o + 4. Let j be n(-7). Suppose -2 - 146 = -j*w. What is the remainder when w is divided by 10?
7
Let b(u) = 5*u**2 - 33*u - 425. What is the remainder when 4440 is divided by b(-9)?
8
Let r be ((-2)/2)/(15/(-45)). Let p = r - 58. Let t = -37 - p. What is the remainder when 43 is divided by t?
7
Let a = -1326 - -1996. Suppose -f = 4*f - a. Calculate the remainder when f is divided by (-2 - 0)*(-1326)/156.
15
Let a(h) = -h**3 - 9*h**2 + 19*h + 23. Let i be a(-11). Suppose -i - 56 = -2*c. Calculate the remainder when c is divided by 20.
16
Let m(b) = b**3 - b**2 - 3*b + 4. Let w = 3 - 0. Suppose -28 = -39*a + 34*a - 11*k, -5*a + 5*k + 140 = 0. Calculate the remainder when a is divided by m(w).
8
Suppose 3*w = -u - 70, 0 = 5*u - 3*u - w + 126. Let y = 17 - 9. What is the remainder when (u/2)/8 + 57 is divided by y?
5
Suppose 3775 = 7*s - 2700. Suppose 4*c - 4*z - 568 = 0, 5*c - z + 211 - s = 0. What is the remainder when c is divided by 12?
11
Let p be ((-1)/(-4)*0)/(0 - 1). Suppose -3*z - 17 = -2*l + 8, p = -2*l + 5*z + 31. Suppose -52 = -l*j + 4*j. What is the remainder when 33 is divided by j?
7
Let c(x) be the first derivative of 7*x**2/2 - 64*x - 244. Calculate the remainder when c(19) is divided by 16.
5
Let c = -427 - -483. Suppose 0 = -c*u + 1036 + 812. What is the remainder when 57 is divided by u?
24
Let k(h) = -20*h + 81. Let f be k(6). Let p = 57 + -84. Let r = p - f. What is the remainder when 33 is divided by r?
9
Calculate the remainder when 1541 is divided by 324 + 5*(-6)/10.
257
Suppose 2555*g = 2545*g + 1920. Calculate the remainder when g is divided by 61.
9
Suppose -3 = 18*i - 19*i. Suppose -y - 6 = y, i*y + 1758 = 3*l. Suppose -12*w = -w - l. What is the remainder when w is divided by 14?
11
Let j(a) = a**2 - 15*a - 367. Calculate the remainder when 175 is divided by j(-16).
46
What is the remainder when (-3148)/(-14) - 2 - (108/(-42))/18 is divided by 185?
38
What is the remainder when ((1172/12)/(38/(-57)))/((-1)/2) is divided by 278?
15
Let m = 12 + -5. What is the remainder when (3 - 25/(-5))*240/192 is divided by m?
3
Suppose -3*v = o - 32, 2*o - 13*v - 59 = -18*v. Calculate the remainder when 788 is divided by o.
6
Let a(o) = 7*o + 65. Let t be a(-9). What is the remainder when 47 is divided by (-25)/((-2)/((-2)/(1 - t)))?
22
What is the remainder when (-6)/(-6 + (-240640)/(-40112)) is divided by 132?
129
Let w be (-41)/(-13) + (-2)/13. Let u(t) = 3*t - 8. What is the remainder when 2*((-10)/4)/(-5) is divided by u(w)?
0
Suppose 6*n + 5*a + 18033 = 10*n, -5*a = 5*n - 22440. Calculate the remainder when n is divided by 85.
77
Suppose 6*l - l - 5*j = 220, 4*l = 3*j + 171. Let x = -7495 - -7648. What is the remainder when x is divided by l?
36
Let x = 43 + -25. Let p = x - 1. What is the remainder when ((-134)/(-4))/(1/2) is divided by p?
16
Suppose -23*z + 32*z = 26*z - 102. Calculate the remainder when 1827 is divided by z.
3
What is the remainder when (-7)/(-21) - (-2928)/18 is divided by 73?
17
Suppose -139*c + 717 + 1767 = -112*c. What is the remainder when 840 is divided by c?
12
Let j(c) = 924*c - 7334. Calculate the remainder when 199 is divided by j(8).
25
Suppose -3*i - 5766 = -266*w + 262*w, 3*w = i + 4317. Calculate the remainder when w is divided by 45.
42
Let u = -573 - -651. Suppose 3*s - 81 + 15 = 0. Calculate the remainder when u is divided by s.
12
Let d(t) = -t**2 + 7*t - 2. Let y be d(5). Suppose -6 = g - y. Suppose 4*o - g*o - 52 = -3*r, r = -4. What is the remainder when 93 is divided by o?
29
Let y(b) be the second derivative of 1/12*b**4 + 17/2*b**2 - 4/3*b**3 + 0 + 20*b. Calculate the remainder when y(-7) is divided by 18.
14
Let r(u) = -8*u - 170. Let n be r(-22). Let v(c) = c**3 - 3*c**2 + 14*c - 33. What is the remainder when v(n) is divided by 7?
5
Suppose 73*o = 107*o - 10064. What is the remainder when o is divided by 32?
8
Let j(r) = -6*r - 9 - 27*r**2 + 31*r**2 - 5 - r. Calculate the remainder when 75 is divided by j(-2).
11
Let n = 2133 - 2067. Calculate the remainder when 380 is divided by n.
50
Let z = 2237 - 2082. What is the remainder when z is divided by -20*1*104/(-65)?
27
Let x(s) = s**2 - 3*s - 1859. Calculate the remainder when 807 is divided by x(49).
17
Let n = -43340 + 43394. What is the remainder when 356 is divided by n?
32
What is the remainder when (1 - -2272)/((772/(-64) + 12)*-16) is divided by 151?
8
Suppose -9*t + 165 - 138 = 0. Suppose 5*j = -4*z - z + 135, -t*z = 12. What is the remainder when 62 is divided by j?
0
Let n = 335 + 518. Suppose -20*y = -2553 + n. Calculate the remainder when y is divided by 24.
13
Let p(q) = -15*q**3 + 5*q**2 + 28*q + 40. Calculate the remainder when p(-4) is divided by 121.
0
Suppose -73*y = 22*y + 22*y - 8190. Calculate the remainder when 324 is divided by y.
44
Let l(x) = -5 + 0*x**3 - 10*x - 9 + 4 - 3*x**2 - x**3. Let a = -10 - -25. Calculate the remainder when a is divided by l(-2).
3
Calculate the remainder when 6/(-27) + 543352/828 is divided by 181.
113
Let d be (-2)/(5*8/60). Let r(t) = t - 1. Let b(s) = 15*s**2 - 6*s + 8. Let q(w) = b(w) + 6*r(w). Calculate the remainder when q(d) is divided by 14.
11
Suppose -5*a + 5 = -5. Suppose o - v = 54, -o + 2*v = a*o - 166. What is the remainder when 168 is divided by o?
52
Let d(i) = 5*i**2 + 3*i - 2. Let y(s) = -3759*s - 48821. What is the remainder when y(-13) is divided by d(2)?
22
Suppose 105*b - 28842 = 5*b - 38*b. What is the remainder when b is divided by 88?
33
Let i(t) = -22*t - 81. Let o be i(-13). Let u = -182 + o. What is the remainder when 86 is divided by u?
17
What is the remainder when 366 is divided by (-2460)/135*-19 - 4/18?
20
Let k = -27 - -39. Suppose -10*v - 1081 + 3791 = 0. Let y = v + -250. Calculate the remainder when y is divided by k.
9
Let b = 37 - 13. Suppose -4*c + 46 = 3*v + 2*v, 5*v + b = c. Let h(q) = 25*q**3 - 4*q + 3. What is the remainder when h(1) is divided by c?
10
Suppose 5*m = 4*i - 0*m - 108, -36 = -2*i - 2*m. Let t = 12 + -16. Let q = t - -12. What is the remainder when i is divided by q?
6
Suppose 0 = 48*p + 65 - 257. What is the remainder when 3261 is divided by p?
1
Suppose -124*n = -121*n - 12. Let i be (-1 + -3)*(16 + -21). Suppose 3*x = 2*x + i. Calculate the remainder when x is divided by n.
0
Let p = 68 + 7. Calculate the remainder when p is divided by ((-1)/2 - 807/(-24)) + 1/(-8).
9
Let g(w) = 7*w**2 + 117*w + 210. Suppose 2*x - 14 - 96 = 0. Calculate the remainder when x is divided by g(-15).
25
Suppose 2 = 2*f - f. Suppose 0*z = z + f*z. Suppose -w = -2*w - 4*y + 20, z = 3*w - 5*y - 9. What is the remainder when 35 is divided by w?
3
Let p = -2 - -11. Let a(u) = 16*u - 6. Let v(y) = 2*y + 1. Let l(o) = a(o) - 5*v(o). What is the remainder when l(p) is divided by 9?
7
Let w(t) = -235*t + 111*t + 126*t + t**2. Let v(h) = -2*h**2 - h. Let m be v(-2). Calculate the remainder when w(m) is divided by 13.
11
Suppose -9222 + 4806 - 5256 = -312*m. Suppose -3*o = -w + 3 + 8, 0 = -5*w + 2*o + 55. What is the remainder when m is divided by w?
9
Let y(s) = -41*s - 1103. Calculate the remainder when 222 is divided by y(-27).
2
Suppose -14*l + 36*l - 61908 = 0. Calculate the remainder when l is divided by 22.
20
Let z(g) = 12*g**2 - 3*g - 1. Let k be z(-2). Let h = -40 + k. Let c = 50 + -15. Calculate the remainder when c is divided by h.
9
Let f = -10439 + 10556. Calculate the remainder when 386 is divided by f.
35
Let c(m) = m**2 + 17*m + 3. Let d be c(-20). Suppose 63 + d = 6*n. What is the remainder when 104 is divided by n?
20
Suppose 0 = -7*s + 2*s - 4*c + 80, 3*c = -s + 5. What is the remainder when -71*(0 + 2 - 3) is divided by s?
11
Let x = -63 + 63. Suppose x = -4*z + 2*u + 3708, -4*z + 4495 = -u + 785. What is the remainder when z is divided by 93?
91
Let m(s) = -s**2 + s + 9. Let a be m(-9). Let j = a - -440. Suppose -j = -5*r + 131. What is the remainder when r is divided by 33?
32
Let n = 3175 + -3136. Calculate the remainder when 673 is divided by n.
10
Let h(r) = 3*r**3 - 5*r**2 + 7*r - 10. What is the remainder when 1361 is divided by h(3)?
45
Let m(f) = 14*f + 10. Let v be (-114)/4*20/(-6). S